number?
True
Is 739225691 prime?
False
Is 1013293477 a prime number?
False
Is 4560935699 a composite number?
True
Is 17008586885 a prime number?
False
Is 4624907737 a composite number?
False
Is 1375346887 a composite number?
False
Is 1768530821 composite?
False
Is 1876138331 prime?
True
Is 757501163 a prime number?
False
Is 801895403 prime?
False
Is 360083252251 prime?
True
Is 11773647482 prime?
False
Is 3061076671 a composite number?
False
Is 193027943 a prime number?
True
Is 8064526399 composite?
False
Is 28680862313 a composite number?
False
Is 2352996551 a prime number?
True
Is 180676367 composite?
False
Is 4261476953 prime?
True
Is 1011127613 a composite number?
False
Is 88694567 a composite number?
True
Is 821340673 composite?
False
Is 30275991523 prime?
False
Is 11696747 prime?
True
Is 11638462081 composite?
True
Is 25017373 composite?
False
Is 6034034299 composite?
True
Is 621201949 a composite number?
True
Is 15372971773 a composite number?
False
Is 1261493731 composite?
False
Is 306992859521 a composite number?
False
Is 1603323539 a composite number?
True
Is 2567058729 prime?
False
Is 69607231541 prime?
True
Is 21194338505 a prime number?
False
Is 3880765201 composite?
False
Is 2150572673 prime?
True
Is 103705201 composite?
False
Is 273306743 prime?
False
Is 77815667 composite?
False
Is 81946361401 a prime number?
True
Is 16422627734 prime?
False
Is 2976051709 a prime number?
False
Is 4050966889 composite?
False
Is 61823467213 prime?
False
Is 28325613391 composite?
True
Is 8374858729 prime?
True
Is 986399039 a prime number?
True
Is 1076771359 composite?
False
Is 4288789741 a composite number?
True
Is 201317810111 prime?
False
Is 45853271 a composite number?
True
Is 5406617431 prime?
True
Is 29562781 composite?
False
Is 5152818857 composite?
False
Is 630499191287 composite?
True
Is 35938836359 prime?
True
Is 11566489 prime?
False
Is 21861388847 prime?
False
Is 92100358697 a prime number?
True
Is 81221797147 a composite number?
False
Is 21127388773 composite?
False
Is 3285163549 a prime number?
False
Is 357938023243 a prime number?
True
Is 17860833637 composite?
True
Is 61967432197 composite?
True
Is 110524807937 a composite number?
True
Is 1876186709 composite?
True
Is 260669966189 a prime number?
False
Is 356361059 a prime number?
True
Is 5766124519 prime?
False
Is 798318823 prime?
True
Is 2412297509 composite?
False
Is 3748518017 a composite number?
True
Is 1004255023 a prime number?
False
Is 2339082854 prime?
False
Is 11954688929 composite?
False
Is 46114554877 composite?
True
Is 7665151861 prime?
True
Is 123435749 a composite number?
False
Is 2100034363 a composite number?
True
Is 408486019 prime?
False
Is 102291995803 a prime number?
True
Is 2912343157 a composite number?
False
Is 1498895311 a prime number?
True
Is 46508185909 composite?
True
Is 96130754623 a prime number?
True
Is 65555299231 a composite number?
False
Is 35093129007 a prime number?
False
Is 22208729663 a prime number?
True
Is 41639760143 prime?
True
Is 109982083 a prime number?
True
Is 1069332833 composite?
True
Is 5667425597 a composite number?
False
Is 965927713 a composite number?
True
Is 1136373307 a prime number?
False
Is 1379956901 a prime number?
True
Is 863402467 prime?
False
Is 141607187 a prime number?
True
Is 2699289953 a prime number?
False
Is 1469136869 a prime number?
True
Is 5905322347 composite?
True
Is 14868911 a prime number?
False
Is 2372598713 a composite number?
False
Is 18229378441 composite?
False
Is 11063022073 a prime number?
False
Is 2292025609 prime?
False
Is 27812417267 a composite number?
True
Is 8262179105 a composite number?
True
Is 70154605 a composite number?
True
Is 30760979377 a prime number?
False
Is 184753897 composite?
True
Is 342668676841 composite?
False
Is 4275264547 a prime number?
True
Is 5816358017 a prime number?
True
Is 500373589 composite?
False
Is 6906640777 a prime number?
True
Is 1684999243 composite?
False
Is 507480317 a prime number?
False
Is 740986133 composite?
True
Is 92679921311 composite?
True
Is 8922061739 a composite number?
False
Is 1342249537 prime?
True
Is 2128385089 a prime number?
True
Is 333089189 composite?
False
Is 75568217 a prime number?
True
Is 397000621 composite?
False
Is 27398186693 a prime number?
True
Is 117051139 prime?
False
Is 20459160089 prime?
False
Is 17006321401 prime?
True
Is 3328121249 composite?
True
Is 18258965 composite?
True
Is 5140813969 a composite number?
False
Is 24070085009 composite?
False
Is 1134205841 a composite number?
False
Is 33771689519 a composite number?
True
Is 9458798501 prime?
False
Is 380010251 prime?
True
Is 71088885019 prime?
True
Is 81313213 prime?
True
Is 3550262189 a composite number?
True
Is 2488857451 a prime number?
True
Is 1331773457 composite?
True
Is 53580531941 a prime number?
False
Is 480614677 prime?
True
Is 72680189801 a prime number?
True
Is 317105077 a prime number?
True
Is 2716508659 a composite number?
True
Is 12196697627 a prime number?
True
Is 6420416609 composite?
True
Is 278086267 a composite number?
True
Is 1932665303 prime?
True
Is 1404263559 a composite number?
True
Is 67822324519 a composite number?
True
Is 6146918047 prime?
False
Is 1301142724795 composite?
True
Is 1506111331 a composite number?
False
Is 27434519561 composite?
True
Is 575179949 composite?
False
Is 1072452523 prime?
True
Is 276755474 prime?
False
Is 26334817097 a composite number?
False
Is 661937027 prime?
True
Is 246197971 prime?
False
Is 1241625157 a composite number?
True
Is 1637314177 prime?
True
Is 291854009 prime?
False
Is 7664569577 composite?
True
Is 89267516069 a composite number?
True
Is 1114906763 a prime number?
False
Is 953930597 a composite number?
True
Is 56252333521 a composite number?
True
Is 12061876841 a prime number?
False
Is 9176311367 a prime number?
True
Is 6154729027 a prime number?
False
Is 13125911867 a prime number?
True
Is 2234300197 a composite number?
False
Is 1038730559 prime?
True
Is 70494941521 a prime number?
True
Is 731912852929 a prime number?
True
Is 30517504429 a composite number?
True
Is 87663019161 a composite number?
True
Is 106198661831 prime?
True
Is 11622177329 prime?
False
Is 2243291279 composite?
False
Is 14781147 a prime number?
False
Is 19863969673 composite?
False
Is 1265543047 a prime number?
True
Is 14849561659 a prime number?
False
Is 2134312241 a prime number?
True
Is 1210887397 a composite number?
False
Is 52382938651 a prime number?
True
Is 219440881369 composite?
True
Is 3716805991 a composite number?
True
Is 3629141 a prime number?
True
Is 14698602703 a composite number?
False
Is 513186145 a prime number?
False
Is 1198661623 composite?
False
Is 171937147 a composite number?
False
Is 658085207 a composite number?
True
Is 232249738667 a composite number?
False
Is 25381159 a prime number?
False
Is 5529401049 a composite number?
True
Is 8082106727 prime?
True
Is 250463009 composite?
False
Is 668228261 prime?
False
Is 13022170487 a prime number?
False
Is 472436507 a prime number?
False
Is 60547514393 composite?
True
Is 3636264139 composite?
True
Is 55254793547 a prime number?
True
Is 35948854657 composite?
True
Is 907826509 composite?
False
Is 568986791 prime?
True
Is 59228412211 composite?
True
Is 35604737339 a prime number?
True
Is 21557577109 prime?
True
Is 33189507245 a composite number?
True
Is 11299245977 a prime number?
False
Is 6200089781 composite?
True
Is 3988807633 composite?
True
Is 319234589 composite?
False
Is 3452533211 a prime number?
True
Is 12142192537 a prime number?
True
Is 1117831393 prime?
False
Is 39692220817 a composite number?
True
Is 1615509971 a prime number?
True
Is 42224878841 a prime number?
False
Is 582650291 a prime number?
False
Is 1799955811 prime?
True
Is 15085694573 a prime number?
True
Is 8524683977 a composite number?
False
Is 5063459279 a composite number?
False
Is 98174339767 a prime number?
False
Is 357969779 prime?
True
Is 3073608103 a composite number?
False
Is 46386567583 prime?
False
Is 75914203 a composite number?
False
Is 20966087789 a prime number?
True
Is 57867163 prime?
False
Is 4231564289 prime?
True
Is 1187961869 a composite number?
False
Is 66910728379 a prime number?
False
Is 2828097893 composite?
True
Is 3704943149 prime?
True
Is 1600622941 composite?
Fal